 p(w) = 2*w**3 - 6*w**2 + 14*w - 27. Determine p(3).
15
Let y(o) = -o + 15. What is y(7)?
8
Let q(j) = 42*j + 314. Give q(-7).
20
Let o(r) = 29*r + 26. Calculate o(-1).
-3
Let m(n) = n**2 - 16*n + 2. Give m(7).
-61
Let t(j) = 4*j + 43. Give t(-17).
-25
Let s(x) = -3*x**2 + 7*x + 4. Determine s(-3).
-44
Let u(r) = -r**3 + 12*r**2 + 34*r - 9. Give u(14).
75
Let k(a) = a**3 - 29*a**2 - a + 32. Determine k(29).
3
Let n(o) = -o**2 - 6*o - 14. What is n(-4)?
-6
Let i(u) = u + 2. Calculate i(5).
7
Let o(u) = -u**3 + 3*u**2 - 2*u + 11. Give o(3).
5
Let n(v) = -v**3 - 5*v**2 - 3*v - 9. Determine n(-5).
6
Let r(m) = m**3 - 9*m**2 + 16*m - 61. Give r(8).
3
Let c(m) = -4*m**2 - 13*m + 17. What is c(-7)?
-88
Let j(h) = 25*h + 2. Determine j(2).
52
Let g(u) = u**2 + 8*u + 11. Calculate g(-7).
4
Let y(k) = -k**2 - 30*k + 46. Give y(-31).
15
Let j(x) = 2*x + 7. Determine j(-3).
1
Let m(j) = j**3 - 4*j**2 + 2*j + 4. Give m(3).
1
Let d(g) = -g**3 + 3*g**2 + 50*g - 31. Give d(-6).
-7
Let s(f) = -4*f - 30. Give s(-10).
10
Let n(y) = -9*y - 6. What is n(-4)?
30
Let l(j) = -52*j**2 + 2*j - 2. Give l(1).
-52
Let m(p) = 16*p + 348. What is m(-21)?
12
Let c(d) = 9*d + 30. Calculate c(-6).
-24
Let n(t) = t**3 + 11*t**2 + 11*t + 1. Calculate n(-10).
-9
Let w(c) = -c**2 + 6*c. What is w(3)?
9
Let o(x) = -6*x + 2. Calculate o(-2).
14
Let a(l) = -l**3 + 6*l**2 + 10*l - 7. Give a(7).
14
Let u(l) = -2*l**2 - 11*l + 27. Calculate u(2).
-3
Let m(k) = -7*k + 18. Determine m(-3).
39
Let x(u) = -6*u + 1. Determine x(-14).
85
Let n(q) = -81*q - 1. Give n(1).
-82
Let l(c) = -c**2 - 9*c - 4. What is l(-9)?
-4
Let f(h) = -2*h**3 - 6*h**2 - 2*h - 1. Calculate f(-4).
39
Let z(c) = -c**2 + c + 56. Give z(8).
0
Let m(k) = -4*k**2 + k - 1. Calculate m(2).
-15
Let j(y) = -50*y**2 + y. Give j(1).
-49
Let s(q) = -3*q - 37. Calculate s(-11).
-4
Let d(a) = 3*a - 16. What is d(11)?
17
Let f(d) = -d**3 - 19*d**2 + 19*d - 30. What is f(-20)?
-10
Let c(w) = 6*w - 5. Determine c(7).
37
Let f(g) = -g**2 - 3*g + 5. Calculate f(-3).
5
Let u(o) = -o**3 - 8*o**2 + 5*o - 25. Calculate u(-9).
11
Let z(t) = -t**2 - 4*t - 2. Give z(-5).
-7
Let u(c) = 2*c**2 - 22*c + 15. What is u(10)?
-5
Let j(s) = s**3 - s**2 - 5*s + 23. Give j(-3).
2
Let r(c) = -24*c - 3. What is r(-1)?
21
Let t(x) = 17*x + 246. Give t(-14).
8
Let g(o) = -o**3 + o - 111. Calculate g(0).
-111
Let w(r) = -2*r - 24. What is w(-16)?
8
Let u(w) = -2*w**2 - 12*w - 2. What is u(-8)?
-34
Let s(g) = -3*g**2 - 38*g + 17. Determine s(-13).
4
Let r(v) = v**3 - 30*v**2 - 30*v - 38. Calculate r(31).
-7
Let n(w) = -w**2 + 18*w - 72. Determine n(13).
-7
Let p(a) = -62*a + 4. Calculate p(1).
-58
Let a(t) = -t**3 + 12*t**2 + t - 5. Give a(12).
7
Let i(r) = -2*r - 26. Determine i(0).
-26
Let i(x) = -x - 6. Give i(8).
-14
Let m(h) = h**2 - 248. Calculate m(-16).
8
Let o(t) = t**2 + 17*t + 51. Give o(-5).
-9
Let x(h) = -5*h**3 - 3*h**2 - 2*h - 1. Give x(-2).
31
Let r(o) = o**2 + o + 6. Calculate r(0).
6
Let n(s) = -s**2 - 14*s + 50. Calculate n(-17).
-1
Let n(o) = -o**2 + 1. Determine n(4).
-15
Let u(m) = -m**2 + 4*m + 12. What is u(0)?
12
Let z(w) = -17*w**2 - 2*w + 2. Calculate z(2).
-70
Let h(y) = y**2 - 12*y - 12. What is h(17)?
73
Let w(l) = 5*l**3 + 3*l**2 - l - 2. Give w(-2).
-28
Let l(f) = f**2 + 11*f - 9. Give l(-11).
-9
Let a(o) = -o**3 + 6*o**2 + 16*o - 6. Give a(8).
-6
Let v(y) = -38*y + 422. Determine v(11).
4
Let o(z) = -5*z + 2. What is o(4)?
-18
Let x(y) = 13*y + 48. What is x(-6)?
-30
Let r(v) = v**2 - 5*v - 8. Calculate r(6).
-2
Let o(z) = -z**3 - 9*z**2 - 19*z - 7. What is o(-7)?
28
Let f(j) = -2*j + 23. What is f(8)?
7
Let d(h) = -6*h + 15. What is d(12)?
-57
Let i(o) = o**3 + 8*o**2 - 4*o + 50. Give i(-9).
5
Let m(u) = -3*u**2 - 28*u - 18. Give m(-12).
-114
Let t(l) = -4*l**2 - 20*l + 29. Determine t(-6).
5
Let b(c) = -7*c - 2. Give b(1).
-9
Let c(f) = -f**2 - 13*f - 18. Give c(-4).
18
Let m(z) = z + 14. Calculate m(18).
32
Let p(a) = -5*a + 26. Give p(4).
6
Let i(q) = q**2 + 18*q + 29. Give i(-16).
-3
Let a(j) = 55*j - 332. Calculate a(6).
-2
Let u(r) = -r**3 + 10*r**2 - 7*r - 25. What is u(9)?
-7
Let r(y) = y**3 - 3*y**2 - y - 2. Calculate r(4).
10
Let g(i) = -6*i + 110. Determine g(17).
8
Let q(c) = -10*c - 401. Calculate q(-41).
9
Let b(m) = -21*m**2. Calculate b(1).
-21
Let v(d) = -3*d**2 - 5*d - 7. Calculate v(-6).
-85
Let s(w) = w**2 + 16*w - 5. Calculate s(-12).
-53
Let f(t) = -t**3 + 4*t**2 - 2*t + 66. Determine f(0).
66
Let u(p) = -p + 5. What is u(8)?
-3
Let q(c) = c**3 - 5*c**2 - 8*c + 10. Calculate q(6).
-2
Let d(w) = w**3 + w**2 + w - 6. What is d(0)?
-6
Let i(c) = -c**3 - 7*c**2 + 8*c - 2. Give i(-8).
-2
Let z(w) = w**2 - 6*w + 11. Determine z(7).
18
Let f(c) = c**3 + c**2 - 1. Determine f(1).
1
Let c(z) = -z**2 - 11*z - 25. Calculate c(-8).
-1
Let w(c) = -2*c**3 - 4*c**2 - 9*c - 13. Determine w(-2).
5
Let o(m) = 3*m**2 - 8*m + 2. Calculate o(2).
-2
Let a(k) = -k**3 + 4*k**2 - 10*k + 26. What is a(4)?
-14
Let k(s) = s**2 + 4*s + 6. Give k(-4).
6
Let x(k) = k - 12. Determine x(-3).
-15
Let a(p) = 3*p - 25. Determine a(13).
14
Let r(h) = h**3 + 3*h**2 - 27*h + 13. Calculate r(-7).
6
Let h(p) = p**3 - 22*p**2 - 21*p - 32. Calculate h(23).
14
Let b(w) = 4*w**2 + 17*w - 2. What is b(-5)?
13
Let i(u) = u**3 - 9*u**2 - 10*u + 12. Determine i(10).
12
Let c(f) = f**2 - f - 7. Give c(-3).
5
Let r(p) = -p**3 + 2*p**2 + 4*p + 10. Give r(3).
13
Let z(r) = r**2 + 11*r - 14. Calculate z(-10).
-24
Let m(x) = -x - 5. What is m(-5)?
0
Let m(y) = -60*y + 47. Calculate m(1).
-13
Let v(t) = 3*t**2 - 2*t - 3. Determine v(-1).
2
Let u(i) = -16*i**3 + i**2 + i + 2. What is u(-1)?
18
Let x(d) = d**2 + 12*d + 18. Calculate x(-9).
-9
Let j(u) = -2*u + 4. What is j(2)?
0
Let f(z) = -z**3 + 11*z**2 - 11*z - 21. Determine f(10).
-31
Let f(k) = 4*k**2 - 3*k + 5. Give f(4).
57
Let j(i) = -25*i + 1. Calculate j(-1).
26
Let k(s) = -2*s**2 + 11*s - 10. Give k(5).
-5
Let w(u) = u - 7. Give w(4).
-3
Let u(z) = z + 3. Calculate u(-12).
-9
Let y(b) = 3*b + 40. Give y(-6).
22
Let o(l) = -l**3 - 21*l**2 - 70*l - 29. Determine o(-17).
5
Let b(z) = -13*z + 90. Give b(5).
25
Let c(r) = 7*r - 91. Determine c(7).
-42
Let r(b) = b**3 + 9*b**2 + 9*b - 2. Calculate r(-7).
33
Let v(p) = -p - 10. Determine v(-16).
6
Let x(b) = -4*b**2 + 2*b + 8. Determine x(4).
-48
Let b(p) = -p**3 - 19*p**2 - 3. Calculate b(-19).
-3
Let j(d) = -4*d - 5. Give j(-3).
7
Let c(y) = -y**3 + 3*y**2 + 18*y - 3. Determine c(6).
-3
Let x(t) = 2*t**3 + 62*t**2 + t + 33. Give x(-31).
2
Let m(a) = -4*a - 3. Determine m(3).
-15
Let p(w) = -w**2 + 10*w - 12. Determine p(9).
-3
Let o(y) = -y**3 + 6*y**2 + 4*y + 6. Calculate o(7).
-15
Let l(m) = -2*m**3 + 6*m**2 + 5*m - 5. Calculate l(5).
-80
Let l(g) = -g**3 - 4*g**2 + 4*g - 1. Give l(-5).
4
Let q(g) = 4*g**2 - 3. What is q(-2)?
13
Let z(g) = 2*g**2 + 32*g + 10. Calculate z(-16).
10
Let t(m) = -3*m**2 - 4. Give t(2).
-16
Let v(h) = -h**3 - 2*h**2 + h + 9. Give v(0).
9
Let h(a) = 20*a**2 + 3*a + 3. Determine h(-1).
20
Let c(o) = o**3 - 17*o**2 - 18*o - 8. Give c(18).
-8
Let u(l) = -6*l - 4. What is u(9)?
-58
Let k(s) = -s**2 + 19*s + 44. Give k(23).
-48
Let o(x) = -5*x**2 - 43*x - 27. Determine o(-8).
-3
Let t(o) = o**3 + 9*o**2 - 56. Give t(-8).
8
Let n(w) = -w**3 - 12*w**2 - 12*w + 3. What is n(-11)?
14
Let c(q) = q**3 + 13*q**2 + 21*q + 3. Give c(-11).
14
Let v(p) = -15*p + 18. Give v(1).
3
Let q(m) = 2*m + 2. Calculate q(-2).
-2
Let z(b) = -b**3 + 25*b**2 + 3*b - 70. Calculate z(25).
5
Let u(f) = -2*f**2 + 9*f + 23. Calculate u(-2).
-3
Let s(b) = -24*b - 1. Determine s(3).
-73
Let f(a) = -8*a**2 - 17*a + 18. Determine f(1).
-7
Let g(h) = h**3 - 15*h**2 + 16*h - 15. Give g(14).
13
Let y(c) = 8*c**2 - 58*c - 50. Give y(8).
-2
Let n(m) = -m**3 - 19*m**2 - m - 24. Determine n(-19).
-5
Let c(l) = -5*l + 7. What is c(5)?
-18
Let i(v) = v**2 + 2*v + 7. What is i(-3)?
10
Let w(s) = s**3 - 5*s**2 + 7*s. Determine w(4).
12
Let a(n) = -4*n**2 - 16*n - 61. Calculate a(-3).
-49
Let k(n) = -4*n - 19. Give k(-5).
1
Let y(g) = -g**2 + 27*g - 129. What is y(20)?
11
Let z(t) = t**3 + 13*t**2 + 14*t + 33. Determine z(-12).
9
Let q(m) = 2*m - 14. Calculate q(12).
10
Let w(c) = -2*c**3 + 7*c**2 + 5*c - 10. What is w(4)?
-6
Let g(a) = -a**3 + 4*a**2 - 2*a - 1. What is